ne m(k).
0
Let y(u) be the third derivative of u**6/120 + 7*u**5/60 + u**4/8 - 5*u**3/3 + 1012*u**2. Give y(-6).
8
Let p(z) = 4*z - 4. Let l(v) = 11*v + 150. Let w(x) = l(x) + p(x). Give w(-10).
-4
Let c(q) = -3 + 15*q - 11*q + 2 - q**3. Let w(y) be the third derivative of -y**5/60 + y**4/3 - 5*y**3/3 + 33*y**2. Let a be w(7). Determine c(a).
14
Let b(i) = -90*i**3 + i**2 + 7*i - 16*i**3 + 190*i**3 - 87*i**3 - 12. Calculate b(2).
-18
Let b = -4467 + 536041/120. Let d(t) be the third derivative of 0*t**3 + 0 + 0*t - 30*t**2 + b*t**6 - 1/6*t**5 - 11/24*t**4. Calculate d(11).
0
Let f(s) be the third derivative of s**5/60 - 9*s**4/8 - 749*s**3/6 + 9*s**2 - 25*s + 13. Give f(44).
-1
Let x(z) be the first derivative of -153 + 12*z - 1/3*z**3 - 5*z**2. Calculate x(-11).
1
Let w(n) = 3*n**3 - 12*n**2 - 4*n + 11. Let k(p) = 10*p**3 - 40*p**2 - 13*p + 35. Let b(r) = 2*k(r) - 7*w(r). What is b(5)?
-22
Suppose -2*u - 2*l = -12, -12*l + 9*l = u - 6. Let k(i) = -i**2 - i + 11. Give k(u).
-31
Let b(q) = q**3 + 111*q**2 - 227*q - 91. Let g be b(-113). Let y(u) = -6*u + 35. What is y(g)?
-97
Suppose 16*j - 129 + 17 = 0. Suppose -8*m + j = -1. Let g(k) = -5*k**3 - k**2 + k - 1. Determine g(m).
-6
Let z(g) = -g**2 - 9*g - 8. Suppose -20*o = -18*o - 358. Suppose 20*y = 19 - o. Calculate z(y).
0
Let d = 652 - 649. Let y(g) = 2 + 2 + d + 30772*g + g**2 - 30783*g. Calculate y(6).
-23
Let t(w) = 115*w**2 - 1 - 145*w + 29*w + 117*w. Calculate t(-1).
113
Let p(z) = z**2 + 16*z - 128. Let n be p(7). Let m(h) be the second derivative of -1/12*h**4 - n*h - 1/3*h**3 + 0 + 2*h**2. Determine m(-4).
-4
Let c(m) = m**3 + 11*m**2 + 10*m + 11. Let j be c(-10). Let i(z) = z**3 + j - 5 - 65*z**2 + 72*z**2 + 8*z. What is i(-6)?
-6
Let x(n) = n + 9. Let h(i) = -8*i - 132. Let z(b) = h(b) + 10*x(b). What is z(-14)?
-70
Let o(u) = -55*u + 5 + 118*u + 12*u**2 - 22*u - 26*u - 21*u. Determine o(2).
41
Let w(i) = 4*i**2 - 1. Let m be 2 + -2 + 1*77. Suppose 0 = -14*x + 105 + m. Suppose 2 = r, 3*d - x = -3*r - 2*r. Calculate w(d).
3
Let i(s) = -s**3 + 5*s**2 - 14*s + 33. Let d be i(3). Let y(b) = -5 + b**3 + d*b**2 - 1 + 13 + b - 4. What is y(-9)?
-6
Let l be -1 + 166/(-18) - (-4)/18. Let p be 4/l + 38/(-5). Let u(x) = -x - 9. Calculate u(p).
-1
Let j(n) = -n**3 - 13*n**2 - 15*n - 8. Let a be j(-12). Suppose 0 = -5*u - m + a, 5 = 3*u - 2*m - 4. Let b(p) = p**3 - 5*p**2 + 2*p + 1. Give b(u).
11
Let x(d) = -9*d - 6. Let p be x(-1). Let k(g) = 2*g + 1. Let s(i) = i**2 - 13*i - 11. Let y(f) = p*k(f) + s(f). Determine y(8).
0
Let x(r) = r**3 - 7*r**2 - 9*r + 5. Let n be x(8). Let b = n + 8. Let p(y) = -25 + 2*y - y + 22. Determine p(b).
2
Let c(h) = -h + 1. Suppose 191 = -10*p + 521. Suppose 6*g = 3*g + 3*b + 42, 0 = -2*g + 3*b + p. Suppose -g*m - 88 + 25 = 0. Give c(m).
8
Let y(l) = -l**3 + 5*l**2 + 3*l - 4. Let j(a) = -2*a**2 - 5*a - 4*a**2 + 7*a**2. Let x be j(2). Let p be (3 - 4)/((x/(-5))/(-6)). Calculate y(p).
11
Let z(t) = -6*t + 50. Let l be z(7). Let m(w) = -l - 55*w + 27*w + 29*w. Determine m(5).
-3
Let l(w) = -w**3 + 4*w**2 - 2*w + 5. Suppose -3*d + b + 22 = -b, 2*d - 4*b - 28 = 0. What is l(d)?
-3
Let k(z) = 43*z - 31*z - 4*z**3 + 3*z**3 - 8*z + 8*z**2 - 40. Determine k(8).
-8
Suppose 3*g = -2*r + 2*g + 1, 0 = -5*r - 5*g + 5. Suppose -5*w - w = r. Let t(p) = 7*p + 18. Let z(b) = -3*b - 6. Let s(v) = 2*t(v) + 5*z(v). Calculate s(w).
6
Let v(c) = c - 2. Let o(l) = -2*l**2 + 11*l + 77. Let p be o(9). Let t be (-28)/(-8)*(-28)/p. Determine v(t).
-9
Let x(c) be the first derivative of -c**2/2 - 5*c - 1010. Let w(v) = v**3 - 9*v**2 + 6*v + 9. Let m be w(8). Determine x(m).
2
Suppose 14*a + 584 = 626. Suppose 0 = -2*d + 9 - 3. Let t(p) = -6*p**d - 5 + 2*p**3 + 5*p**a + 2 + 3*p**2 - 5*p. Give t(-4).
1
Let p(n) = -36 - 27*n**2 - 2*n + 112 + 3*n**3 - 2*n**3 - 32 - 12. Calculate p(27).
-22
Let t(p) = -p + 1. Suppose 2*w + 5 = -9. Let i(h) = h**3 + 8*h**2 - 4*h - 22. Let q be i(w). Let u = q - 49. Calculate t(u).
-5
Let s(f) = 48 + 46 - f**2 - 2*f**2 - 136 - 5*f + 43. Calculate s(0).
1
Let r(d) = 14*d + 58. Suppose 0 = -5*n + 995 - 1020. Give r(n).
-12
Suppose 4 = 3*t - 5. Let g = -18846 - -18856. Let f(c) = -g + t*c**2 - 5 + 20 + c**3 - 2*c. Calculate f(-4).
-3
Let n(f) = -21*f + 15. Let x = -8603 + 8604. Determine n(x).
-6
Let x = 0 - -5. Let z(j) = -7*j - 4. Let w(q) = -7*q - 3. Let f(i) = -i**2 - 3*i + 6. Let u be f(-5). Let o(a) = u*z(a) + x*w(a). Give o(-1).
8
Let i(f) = -f**2 - 10*f + 7. Suppose 3*a + 4 = -26. Let c be i(a). Let d(o) be the third derivative of -o**5/60 + 7*o**4/24 - 5*o**3/3 + 6*o**2. Give d(c).
-10
Let m(z) = z**2 - 9*z + 7. Suppose 0 = -116*s + 104*s + 2088. Suppose 56 = -167*q + s*q. Calculate m(q).
-1
Let j(u) = -u**3 + 6*u**2 + 17*u - 85. Suppose 0 = 4*g + 5*p - 48, -3*g + p + 8 + 9 = 0. Let z be j(g). Let w(a) = a**3 + 15*a**2 - a - 10. What is w(z)?
5
Let g be ((-1)/(-4))/(38/1216). Suppose 5*p - g = 2. Let i(v) = v**3 - 2*v + 3. Let l(k) = 4*k**3 - 7*k + 12. Let c(x) = -9*i(x) + 2*l(x). Determine c(p).
-3
Let t(k) be the first derivative of 30 + 1/20*k**5 + 0*k**3 + 1/2*k**4 - 1/2*k**2 - 31*k. Let z(o) be the first derivative of t(o). Calculate z(-6).
-1
Let u(x) = 5*x + 4*x - 2 + 3*x + x**2. Let q be u(-13). Let k(g) = g**3 + 0*g**2 + g - 2*g**2 + 3*g**2 - q - 2*g**2. Calculate k(0).
-11
Let n(r) be the second derivative of r**6/720 + r**5/15 + 17*r**4/12 + 4*r**2 - r - 13. Let b(s) be the third derivative of n(s). Calculate b(-3).
5
Let a be (4/14)/((-176)/(-56) - 3). Let d(r) = -1353*r**2 + 1349*r**a - 5*r**3 + 2*r**3 + 2*r**3 + 1. What is d(-4)?
1
Let m = -19 + 9. Let q(j) be the second derivative of j**4/12 + 2*j**3 + 5*j**2/2 - 166662*j. Calculate q(m).
-15
Suppose 9 = -3*j - 6. Let s = -594 - -631. Let h(o) = -15*o + 2 + s*o - 21*o. Give h(j).
-3
Let t(g) be the third derivative of 17*g**4/24 + 2*g**3/3 + 493*g**2. Determine t(-2).
-30
Suppose -4*z + 71 = -4*s - 161, 4*s = 8. Suppose -z = 39*j - 44*j. Let w(n) = -n**3 + 12*n**2 - 2*n + 17. Give w(j).
-7
Let a(f) = -13*f**2 - 12*f + 7. Let c(w) = -28*w**2 - 26*w + 15. Suppose -32 = -295*p + 303*p. Let q(g) = p*c(g) + 9*a(g). Determine q(1).
-6
Let u(n) be the second derivative of n**7/2520 - n**6/90 - n**5/30 + 5*n**4/3 - n**3/6 - 3*n - 6. Let t(m) be the third derivative of u(m). Determine t(9).
5
Let x be (-2)/(-18)*15 + 4/12. Let b(h) be the third derivative of 1/15*h**5 - 18*h**x - 1/24*h**4 - 1/6*h**3 + 0*h + 0. Calculate b(-1).
4
Let w(i) = 20*i + 20*i + 20*i + 13*i + 19 - 74*i. Determine w(13).
6
Let o(x) = -x + 9. Let t be (-1382)/2073 + 53/3*1. Determine o(t).
-8
Let k(j) = -5*j + 4. Suppose 6731 = -43*p + 18*p + 6581. Calculate k(p).
34
Let f(n) = -n - 2. Suppose -4*a - 42 = 2*m, -6*a + a - 56 = -m. Let s(c) = c**3 + 15*c**2 + 44*c - 7. Let z be s(a). Calculate f(z).
5
Let x(t) = -2*t**2 + 8*t - 13. Let d be x(2). Let j(l) = 3 + 324*l - 652*l + 329*l. What is j(d)?
-2
Let d(f) = -f + 11. Suppose -5*j + 7 = -13. Suppose -3*o = 5*q - 52, q = j*q + 3. Let x = o - 14. Calculate d(x).
6
Let d(m) = 7*m + 6. Let f = -914 - -906. Let i(s) = 1 + s**3 + 10*s**2 + 13*s + 27 + 7*s. Let h be i(f). Determine d(h).
-22
Let f(c) = -2*c**2 + 22*c - 13. Suppose -38*p = -36*p + 2*y - 30, -2*y - 15 = -3*p. Give f(p).
23
Let l be 5386/18 - 8/36. Let u(a) = -a - l + 298 + 0*a. What is u(-8)?
7
Let b(n) = -3*n - 5. Let f(h) = 14*h + 20. Let o(l) = -9*b(l) - 2*f(l). Let a(c) = 34*c. Let x be a(0). What is o(x)?
5
Let c be (4/(-6))/(1628/(-165) - -10). Let o(d) = -10*d - 24. Determine o(c).
26
Let w be (-1 + 2)/1 - -13. Let c(f) = -2*f**2 + 25. Let n(x) = -5*x**2 + 3*x + 58. Let m(p) = -12*c(p) + 5*n(p). Determine m(w).
4
Let d(t) = -7*t - 1. Let h be 74/(-37) + (-3)/((-3)/77). Let l = h - 11. Suppose -l*f + 58*f = 6. Determine d(f).
6
Suppose -28 = 5*c - c. Let y(l) = -91*l + 9. Let w(h) = -10*h + 1. Let k(a) = 9*w(a) - y(a). Give k(c).
-7
Let k(g) = g**3 + 7*g**2 - g + 7. Let t(q) = q**3 + 8*q**2 - 5*q + 40. Let j be t(-9). Suppose -4*c - 36 = -2*o, -j = 4*c + o + 20. Determine k(c).
14
Let o(b) = -206 - 259 + 487 - b**2 + 6*b. Calculate o(0).
22
Let d = -4285 - -4290. Let i(n) = 5*n - 18. Calculate i(d).
7
Let k(v) be the second derivative of 1/20*v**5 + 2*v**2 - 2/3*v**3 - 1/6*v**4 - 3 - v. Give k(3).
1
Let n(p) =